{"id":73730,"date":"2018-05-11T13:40:29","date_gmt":"2018-05-11T13:40:29","guid":{"rendered":"http:\/\/immerdiesezwinglis.ch\/wordpress\/?page_id=73730"},"modified":"2018-10-16T14:28:22","modified_gmt":"2018-10-16T14:28:22","slug":"medienberichte","status":"publish","type":"page","link":"https:\/\/immerdiesezwinglis.ch\/wordpress\/medienberichte\/","title":{"rendered":"Medienberichte"},"content":{"rendered":"<p>[vc_row][vc_column width=&#8220;1\/1&#8243;][vc_custom_heading]<\/p>\n<h1>Medienberichte<\/h1>\n<p>[\/vc_custom_heading][\/vc_column][\/vc_row][vc_row][vc_column width=&#8220;1\/4&#8243;][vc_single_image media=&#8220;73770&#8243; media_width_percent=&#8220;100&#8243; border=&#8220;yes&#8220; media_link=&#8220;url:https%3A%2F%2Fwww.srf.ch%2Fsendungen%2Fmyschool%2Fimmer-diese-zwinglis-2||target:%20_blank|&#8220;][\/vc_column][vc_column width=&#8220;3\/4&#8243;][vc_column_text]<\/p>\n<h4>Erstausstrahlung<strong> durch Coproduzent SRF MySchool am 27. August 2018, 09:00 Uhr<\/strong><\/h4>\n<p>Im Jahr 1538 begeben sich die Kinder des verstorbenen Reformators Huldrych Zwingli auf den Spuren ihres Vaters. Wer war er? Wof\u00fcr hat er gek\u00e4mpft? In Z\u00fcrich treffen sie auf ehemalige Weggef\u00e4hrten, die von Zwinglis Einsatz f\u00fcr eine Neuerung der Kirche und der Gesellschaft berichten.<\/p>\n<p><a href=\"https:\/\/www.srf.ch\/sendungen\/myschool\/immer-diese-zwinglis-2\">Link zur Sendung mit Unterrichtsmaterial auf der Website von SRF MySchool<\/a>[\/vc_column_text][\/vc_column][\/vc_row][vc_row][vc_column width=&#8220;1\/4&#8243;][vc_single_image media=&#8220;73768&#8243; media_width_percent=&#8220;100&#8243; border=&#8220;yes&#8220; media_link=&#8220;url:https%3A%2F%2Fwww.sonntagsblatt.de%2Fartikel%2Fdigitalisierung%2Fmedien%2Freformator-zwingli-bekommt-beine-film-aus-der-schweiz||target:%20_blank|&#8220;][\/vc_column][vc_column width=&#8220;3\/4&#8243;][vc_column_text]<\/p>\n<h4><strong><a href=\"https:\/\/www.sonntagsblatt.de\/artikel\/digitalisierung\/medien\/reformator-zwingli-bekommt-beine-film-aus-der-schweiz\">Sonntagsblatt &#8211; 360\u00b0 evangelisch, M\u00fcnchen, Ausgabe vom 6. Juli 2018<\/a><\/strong><\/h4>\n<h4>Reformator Zwingli bekommt Beine: Film aus der Schweiz<br \/>\nEin Animationsfilm \u00fcber den Reformator Huldrych Zwingli will theologisches Wissen unterhaltsam vermitteln.<\/h4>\n<p>[\/vc_column_text][\/vc_column][\/vc_row][vc_row][vc_column width=&#8220;1\/4&#8243;][vc_single_image media=&#8220;73770&#8243; media_width_percent=&#8220;100&#8243; border=&#8220;yes&#8220; media_link=&#8220;url:http%3A%2F%2Freformiert.info%2Fartikel%2Fz%25C3%25BCrich%2Fdie-frechen-kinder-zwinglis||target:%20_blank|&#8220;][\/vc_column][vc_column width=&#8220;3\/4&#8243;][vc_column_text]<\/p>\n<h4><a href=\"http:\/\/reformiert.info\/artikel\/z%C3%BCrich\/die-frechen-kinder-zwinglis\">reformiert.\u00a0<\/a><br \/>\nAusgabe vom 28. Juni 2018<\/h4>\n<h4><strong>Die frechen Kinder Zwinglis<\/strong><\/h4>\n<p>[\/vc_column_text][\/vc_column][\/vc_row][vc_row][vc_column width=&#8220;1\/4&#8243;][vc_single_image media=&#8220;73770&#8243; media_width_percent=&#8220;100&#8243; border=&#8220;yes&#8220; media_link=&#8220;url:https%3A%2F%2Fwww.tagesanzeiger.ch%2Fzueritipp%2Fkino%2Fzwingli-jung-und-dynamisch%2Fstory%2F24302843||target:%20_blank|&#8220;][\/vc_column][vc_column width=&#8220;3\/4&#8243;][vc_column_text]<\/p>\n<h4><a href=\"https:\/\/www.tagesanzeiger.ch\/zueritipp\/kino\/zwingli-jung-und-dynamisch\/story\/24302843\" target=\"_blank\" rel=\"noopener\"><strong>Tagesanzeiger Z\u00fcritipp vom 21. Juni 2018<\/strong><\/a><\/h4>\n<h4><a href=\"https:\/\/www.tagesanzeiger.ch\/zueritipp\/kino\/zwingli-jung-und-dynamisch\/story\/24302843\" target=\"_blank\" rel=\"noopener\">Zwingli, jung und dynamisch<\/a><br \/>\nDer Reformator Huldrych Zwingli wird jetzt auch zur Trickfilmfigur.<\/h4>\n<p>[\/vc_column_text][\/vc_column][\/vc_row][vc_row][vc_column width=&#8220;1\/4&#8243;][vc_single_image media=&#8220;73775&#8243; media_width_percent=&#8220;100&#8243; border=&#8220;yes&#8220; media_link=&#8220;url:http%3A%2F%2Fimmerdiesezwinglis.ch%2Fwordpress%2Fwp-content%2Fuploads%2F2018%2F06%2FMedienberichte_KB-14f_S_2.pdf||target:%20_blank|&#8220;][\/vc_column][vc_column width=&#8220;3\/4&#8243;][vc_column_text]<\/p>\n<h4><a href=\"https:\/\/immerdiesezwinglis.ch\/wordpress\/wp-content\/uploads\/2018\/06\/Medienberichte_KB-14f_S_2.pdf\" target=\"_blank\" rel=\"noopener\">Kirchenblatt Solothurn, Ausgabe vom 19.06.2018, S. 2<\/a><\/h4>\n<p>[\/vc_column_text][\/vc_column][\/vc_row][vc_row][vc_column width=&#8220;1\/4&#8243;][vc_single_image media=&#8220;73779&#8243; media_width_percent=&#8220;100&#8243; border=&#8220;yes&#8220; media_link=&#8220;||target:%20_blank|&#8220;][\/vc_column][vc_column width=&#8220;3\/4&#8243;][vc_column_text]<\/p>\n<h4>Radio Z\u00fcrisee &#8211; \u00dcber Gott und die Welt:<br \/>\nRadiobeitrag und Interview zum Film am 17. Juni 2018<\/h4>\n<p>[\/vc_column_text][vc_single_image media=&#8220;74559&#8243; media_width_percent=&#8220;70&#8243; advanced=&#8220;yes&#8220; media_overlay_opacity=&#8220;50&#8243; media_padding=&#8220;2&#8243;][\/vc_column][\/vc_row][vc_row][vc_column width=&#8220;1\/4&#8243;][vc_single_image media=&#8220;74601&#8243; media_width_percent=&#8220;100&#8243; border=&#8220;yes&#8220; media_link=&#8220;||target:%20_blank|&#8220;][\/vc_column][vc_column width=&#8220;3\/4&#8243;][vc_column_text]<\/p>\n<h4><a href=\"https:\/\/www.rtr.ch\/cultura\/500-onns-refurmaziun\/adina-quels-zwinglis\" target=\"_blank\" rel=\"noopener\">500 onns refurmaziun<\/a><br \/>\nAdina quels Zwinglis!<\/h4>\n<p>2017 \u00e8 st\u00e0 l\u2019onn da la refurmaziun. La Svizra ha festiv\u00e0 il giubileum da 500 onns dapi la refurmaziun. Ma la refurmaziun n\u2019\u00e8 betg capitada entaifer in onn. Ella ha cuntinu\u00e0 er ils onns suenter il 1517.<\/p>\n<p>Bericht \u00fcber das Sch\u00fcler-Synchronisierungsprojekt (RTR)[\/vc_column_text][\/vc_column][\/vc_row][vc_row][vc_column width=&#8220;1\/4&#8243;][vc_single_image media=&#8220;74545&#8243; media_width_percent=&#8220;100&#8243; border=&#8220;yes&#8220; media_link=&#8220;url:http%3A%2F%2Fimmerdiesezwinglis.ch%2Fwordpress%2Fwp-content%2Fuploads%2F2018%2F06%2FPresseartikel_zhref-notabene-5-18.pdf||target:%20_blank|&#8220;][\/vc_column][vc_column width=&#8220;3\/4&#8243;][vc_column_text]<\/p>\n<h4><a href=\"https:\/\/immerdiesezwinglis.ch\/wordpress\/wp-content\/uploads\/2018\/06\/Presseartikel_zhref-notabene-5-18.pdf\" target=\"_blank\" rel=\"noopener\">notabene &#8211; Zeitschrift f\u00fcr Mitarbeitende der Z\u00fcrcher Landeskirche<\/a><br \/>\nAusgabe Nr. 5 \/ Juni 2019, Seite 10-12<\/h4>\n<p><span class=\"fontstyle0\"><strong>Dem Reformator\u00a0Beine gemacht<\/strong><br \/>\n<\/span><span class=\"fontstyle2\">Der Animationsfilm zum Comic \u00fcber Huldrych Zwingli geht am 21. Juni online. Der kurze\u00a0Streifen mit l\u00e4ngerer Entstehungsgeschichte will theologisches Wissen unterhaltsam\u00a0vermitteln. Ein Gespr\u00e4ch mit den Macherinnen und ein Besuch im Z\u00fcrcher Atelier.<\/span>[\/vc_column_text][\/vc_column][\/vc_row][vc_row][vc_column width=&#8220;1\/4&#8243;][vc_single_image media=&#8220;73792&#8243; media_width_percent=&#8220;100&#8243; border=&#8220;yes&#8220; media_link=&#8220;url:https%3A%2F%2Flifechannel.ch%2Fde%2FGlauben-entdecken%2FLeben-im-Alltag%2FKirche&#8211;Gesellschaft%2FImmer-diese-Zwinglis||target:%20_blank|&#8220;][\/vc_column][vc_column width=&#8220;3\/4&#8243;][vc_column_text]<\/p>\n<h4><a href=\"https:\/\/lifechannel.ch\/de\/Glauben-entdecken\/Leben-im-Alltag\/Kirche--Gesellschaft\/Immer-diese-Zwinglis\" target=\"_blank\" rel=\"noopener\">Life Channel &#8211; Kirche &amp; Gesellschaft: \u00abImmer diese Zwinglis!\u00bb<\/a><br \/>\n<a href=\"https:\/\/lifechannel.ch\/de\/Glauben-entdecken\/Leben-im-Alltag\/Kirche--Gesellschaft\/Immer-diese-Zwinglis\" target=\"_blank\" rel=\"noopener\">Radiointerview mit Dorothea Meyer-Liedholz, 2. Juni 2018<\/a><\/h4>\n<p>Der Animationsfilm \u00abImmer diese Zwinglis!\u00bb, der am 21. Juni Premiere feiert, will zeigen, was der Z\u00fcrcher Reformator Ulrich Zwingli bewirkt hat \u2013 sowohl die positiven als auch negativen Aspekte.[\/vc_column_text][\/vc_column][\/vc_row][vc_row][vc_column width=&#8220;1\/4&#8243;][vc_single_image media=&#8220;74017&#8243; media_width_percent=&#8220;100&#8243; border=&#8220;yes&#8220; media_link=&#8220;url:http%3A%2F%2Fimmerdiesezwinglis.ch%2Fwordpress%2Fwp-content%2Fuploads%2F2018%2F05%2FPressestimmen_Unterstrass_Spiegel_April_2017.pdf||target:%20_blank|&#8220;][\/vc_column][vc_column width=&#8220;3\/4&#8243;][vc_column_text]<\/p>\n<h4><a href=\"https:\/\/immerdiesezwinglis.ch\/wordpress\/wp-content\/uploads\/2018\/05\/Pressestimmen_Unterstrass_Spiegel_April_2017.pdf\" target=\"_blank\" rel=\"noopener\">spiegel &#8211; News rund ums Schulemachen<\/a><br \/>\ndes Instituts Unterstrass an der P\u00e4dagogischen Hochschule Z\u00fcrich<br \/>\nAusgabe April 2017, Seite 2<\/h4>\n<p>\u00abW<span class=\"fontstyle0\">ie kann das anspruchsvolle Thema Reformation auch\u00a0kirchenfernen Kindern, Jugendlichen und Erwachsenen\u00a0in verst\u00e4ndlicher und attraktiver Form n\u00e4hergebracht werden? Als Alternative zu trockenen Texten entstehen derzeit\u00a0ein Animationsfilm und eine dazugeh\u00f6rige Arbeitshilfe f\u00fcr\u00a0Lehrpersonen.\u00bb<\/span>[\/vc_column_text][\/vc_column][\/vc_row][vc_row][vc_column width=&#8220;1\/4&#8243;][vc_single_image media=&#8220;74019&#8243; media_width_percent=&#8220;100&#8243; border=&#8220;yes&#8220; media_link=&#8220;url:http%3A%2F%2Fimmerdiesezwinglis.ch%2Fwordpress%2Fwp-content%2Fuploads%2F2018%2F05%2FPressestimmen_WzK_3_2017.pdf||target:%20_blank|&#8220;][\/vc_column][vc_column width=&#8220;3\/4&#8243;][vc_column_text]<\/p>\n<h4><a href=\"https:\/\/immerdiesezwinglis.ch\/wordpress\/wp-content\/uploads\/2018\/05\/Pressestimmen_WzK_3_2017.pdf\" target=\"_blank\" rel=\"noopener\">Wege zum Kind, Fachzeitschrift f\u00fcr den Bereich \u00abKind und Kirche\u00bb, Feiern, Sonntagschule, Religionsunterricht, 3\/2017, S. 44-45<\/a><\/h4>\n<p>\u00ab<span class=\"fontstyle0\">Nach dem Erfolg des Sachcomics \u00abMit vollen Einsatz\u00bb von Kati Rickenbach, kommt nun eine unterhaltsame und wissensvermittelnde Filmstory. Der Trickflm \u00abImmer diese Zwinglis!\u00bb entsteht\u00a0in enger Zusammenarbeit mit Dorothea MeyerLiedholz, Fachmitarbeiterin der Evangelisch-reformierten Landeskirche des Kantons Z\u00fcrich und\u00a0Autorin des Comics.\u00bb<\/span>[\/vc_column_text][\/vc_column][\/vc_row][vc_row][vc_column width=&#8220;1\/4&#8243;][vc_single_image media=&#8220;74015&#8243; media_width_percent=&#8220;100&#8243; border=&#8220;yes&#8220; media_link=&#8220;url:http%3A%2F%2Fimmerdiesezwinglis.ch%2Fwordpress%2Fwp-content%2Fuploads%2F2018%2F05%2FPressestimmen_Kirchen_SO_2017_Nr_15.pdf||target:%20_blank|&#8220;][\/vc_column][vc_column width=&#8220;3\/4&#8243;][vc_column_text]<\/p>\n<h4><a href=\"https:\/\/immerdiesezwinglis.ch\/wordpress\/wp-content\/uploads\/2018\/05\/Pressestimmen_Kirchen_SO_2017_Nr_15.pdf\" target=\"_blank\" rel=\"noopener\">Aus dem Newsletter der reformierten Fachstelle Religionsp\u00e4dagogik Kanton Solothurn, April 2017, Newsletter Nr. 15, S. 3-4<\/a><\/h4>\n<p>\u00ab<span class=\"fontstyle0\">Um gerade f\u00fcr Kinder und Jugendliche\u00a0einen emotionalen Zugang zu der\u00a0anspruchsvollen Thematik zu schaffen,\u00a0verl\u00e4uft die Handlung des Animationsfilms\u00a0auf zwei Erz\u00e4hlebenen: Zwinglis Kinder\u00a0Regula, Wilhelm und Ueli erleben sieben\u00a0Jahre nach Zwinglis Tod einen wechselvollen\u00a0Tag in Z\u00fcrich.<\/span>\u00a0&#8230;\u00a0 <span class=\"fontstyle0\">Das Bild, das Ueli dabei von\u00a0seinem ber\u00fchmten Vater gewinnt, ist\u00a0ambivalent: W\u00e4hrend ihn Zwinglis Einsatz f\u00fcr die \u00dcbersetzung der Bibel ins Deutsche und f\u00fcr\u00a0Bildungsgerechtigkeit stolz machen, werfen dessen Rolle beim Todesurteil gegen die T\u00e4ufer und sein\u00a0Sterben in der Schlacht gegen die Altgl\u00e4ubigen bei ihm viele Fragen auf.\u00bb<\/span>[\/vc_column_text][\/vc_column][\/vc_row]<\/p>\n","protected":false},"excerpt":{"rendered":"<p>[vc_row][vc_column width=&#8220;1\/1&#8243;][vc_custom_heading] Medienberichte [\/vc_custom_heading][\/vc_column][\/vc_row][vc_row][vc_column width=&#8220;1\/4&#8243;][vc_single_image media=&#8220;73770&#8243; media_width_percent=&#8220;100&#8243; border=&#8220;yes&#8220; media_link=&#8220;url:https%3A%2F%2Fwww.srf.ch%2Fsendungen%2Fmyschool%2Fimmer-diese-zwinglis-2||target:%20_blank|&#8220;][\/vc_column][vc_column width=&#8220;3\/4&#8243;][vc_column_text] Erstausstrahlung durch Coproduzent SRF MySchool am 27. August 2018, 09:00 [&hellip;]<\/p>\n","protected":false},"author":1,"featured_media":0,"parent":0,"menu_order":0,"comment_status":"closed","ping_status":"closed","template":"","meta":{"jetpack_post_was_ever_published":false},"jetpack_sharing_enabled":true,"jetpack_shortlink":"https:\/\/wp.me\/P9U95P-jbc","_links":{"self":[{"href":"https:\/\/immerdiesezwinglis.ch\/wordpress\/wp-json\/wp\/v2\/pages\/73730"}],"collection":[{"href":"https:\/\/immerdiesezwinglis.ch\/wordpress\/wp-json\/wp\/v2\/pages"}],"about":[{"href":"https:\/\/immerdiesezwinglis.ch\/wordpress\/wp-json\/wp\/v2\/types\/page"}],"author":[{"embeddable":true,"href":"https:\/\/immerdiesezwinglis.ch\/wordpress\/wp-json\/wp\/v2\/users\/1"}],"replies":[{"embeddable":true,"href":"https:\/\/immerdiesezwinglis.ch\/wordpress\/wp-json\/wp\/v2\/comments?post=73730"}],"version-history":[{"count":54,"href":"https:\/\/immerdiesezwinglis.ch\/wordpress\/wp-json\/wp\/v2\/pages\/73730\/revisions"}],"predecessor-version":[{"id":74652,"href":"https:\/\/immerdiesezwinglis.ch\/wordpress\/wp-json\/wp\/v2\/pages\/73730\/revisions\/74652"}],"wp:attachment":[{"href":"https:\/\/immerdiesezwinglis.ch\/wordpress\/wp-json\/wp\/v2\/media?parent=73730"}],"curies":[{"name":"wp","href":"https:\/\/api.w.org\/{rel}","templated":true}]}}